 is the tens digit of d?
5
Let q = 113 - 195. Let y = q - -167. Suppose -3*r + 29 = -y. What is the tens digit of r?
3
Suppose 20 = 5*p - p. Suppose -2*z = -g + 8 - 252, -3*z + p*g = -373. What is the units digit of z?
1
Let z(c) = c**3 + 12*c**2 + 11*c - 4. Let l be z(-11). Let a = 4 - l. What is the tens digit of (-74)/(5/((-20)/a))?
3
Let u = 1871 - 1299. What is the hundreds digit of u?
5
Suppose w - a = -14, w - 14 = 3*w + 5*a. Let c be (-2)/6 + (-4)/w. Suppose u + 5*o - 22 = c, 3 + 63 = 4*u - 2*o. What is the units digit of u?
7
Suppose 4876 = 4*v + 1544. What is the tens digit of v?
3
Let r = -236 - -297. What is the tens digit of r?
6
Suppose 4*p + 4*b = 1088, 2*p - 536 = b - 5*b. What is the units digit of p?
6
Let j be (40/30)/(4/6). What is the units digit of (1 + 1 + -3)/(j/(-46))?
3
Suppose 4*m + 655 = 5*w, 0 = -3*w + 7*w - m - 524. Suppose 129 = 4*j - w. What is the tens digit of j?
6
Suppose 2*i + 8*t - 4*t = 48, 44 = 3*i - t. Suppose -5*k + i*k - 1243 = 0. What is the tens digit of k?
1
Let x(f) = -f + 7. Let g be x(5). Suppose -g*l + 171 = l. Suppose -4*u + l - 165 = -4*s, s = -5*u + 9. What is the tens digit of s?
2
What is the hundreds digit of (0/(-1) - -769) + (5 - 3)?
7
Suppose -11*g - 4*g = -990. Let q be 2/15*3*5. Suppose -g + 24 = -q*a. What is the units digit of a?
1
Let l(d) = d**3 - 3*d**2 - 3*d - 3. Let f be l(4). Let k be f*-4 - (-3 - -3). What is the units digit of (-3 - k) + 6 + -3?
4
Let r(n) be the first derivative of 8*n**2 - 9*n - 11. What is the units digit of r(4)?
5
What is the hundreds digit of ((-104)/24 - -7)/(2/201)?
2
Let v be 1/(-4) - (-87)/12. Suppose -5*a + 21 = -3*f - 2*a, f - 3*a = -v. Let n = -2 - f. What is the units digit of n?
5
Suppose -7*b + 3*m = -2*b - 21778, 2*m = 5*b - 21782. What is the units digit of b?
8
Suppose -5*f - 459 = 4*a, a + 396 = -4*f + 5*a. What is the tens digit of 22/5*f/(-38)?
1
Let g(i) be the third derivative of -17*i**4/6 + i**3/2 + 5*i**2. What is the tens digit of g(-2)?
3
Suppose -28*m + 41*m - 55848 = 0. What is the thousands digit of m?
4
Let k(w) = -w + 10. Let m(n) = n + 4. Let i be m(-3). Let o be ((-16)/10)/(i/(-5)). What is the units digit of k(o)?
2
Let f(t) = -6*t + 6. Let w(j) = 2*j - 2. Let v(s) = 3*f(s) + 8*w(s). Let n be -10 - 1 - 1/(-1). What is the units digit of v(n)?
2
Suppose -13279 = 976*d - 983*d. What is the hundreds digit of d?
8
Let h(p) = p**2 + 6*p + 6. Let j be h(-5). What is the tens digit of ((-14)/(-21))/(j/126)?
8
Suppose -4*w + 5*j = -7, 0 = 4*w - 7*w - 4*j + 13. Suppose 2*b - 12 = -w*n, -7*n - b = -4*n - 15. What is the units digit of n?
6
Suppose 3 = 3*h - 9. Suppose -h*x - 5*o = -28, 3*o = -2*x + 4*o. What is the units digit of x?
2
Suppose 6*g - 3*g - 15 = 0. Suppose 0*h = 5*h - 5*a - 10, 3*a + 18 = g*h. Suppose i = s - h*s + 114, -s - 4*i = -38. What is the units digit of s?
2
Suppose 4*f - 10 = -5*q, -3*f + 0*f + q - 2 = 0. Let j be f/((-8)/12*3). Suppose j*k = 2*k - 2. What is the units digit of k?
1
Suppose 0 = -2*x + z + 801, 0 = 3*x - 7*x - z + 1599. What is the units digit of x?
0
Suppose -72 = 2*f + 2*x, 34 = -4*f - 5*x - 106. Let l = 102 + f. What is the tens digit of l?
6
Suppose 0*j - 2*j + 2*h + 10 = 0, 0 = -2*j - 4*h + 4. Suppose -j*i + 5 = -3. What is the tens digit of (-4 - 10)*i/(-2)?
1
Let s(a) = -8*a - 3*a + a + 8 - a. What is the tens digit of s(-3)?
4
Suppose -542*a + 539*a = -987. What is the hundreds digit of a?
3
Let k be -3*1 - (-2 - -3). Suppose 5*o + 13 = -2. What is the units digit of ((-9)/o)/((-6)/k)?
2
Suppose 5*s = s + 8. Suppose -4*v - 2*a + a = -8, 5*a = 0. Suppose -16 = -4*r - 4*g, -4 = -s*r + g - v. What is the units digit of r?
2
Let c = -84 - -113. Let o = 191 - c. What is the tens digit of o?
6
Suppose g + 263 = 2*v, -v + 2*g + 145 = 9. What is the hundreds digit of v?
1
Let z(h) = h - 2. Let j be z(3). Suppose -5*t + 5*q = -145, 0 = 5*q - 0 + 5. What is the units digit of (t*j*-1)/(-1)?
8
Suppose 2 = -3*n + 11. What is the units digit of (20 - 8)/(n/16)?
4
Suppose -18 - 6 = -3*p. Suppose 3*c - p = -2. Suppose -5*w + 63 = 5*a - 57, -c*a + 108 = 5*w. What is the units digit of w?
0
Let l(w) = 4*w**2 + 8*w - 9. What is the units digit of l(-5)?
1
Let j(r) = 1557*r**3 + 20*r - 19. What is the units digit of j(1)?
8
Suppose p = 5*v + 639, -5*v = -4*p + 3665 - 1184. Suppose -3*l - 17 = -p. What is the units digit of l?
9
What is the thousands digit of 9978/4*62/93?
1
Let y be 1*0/(8/(-4)). Suppose -c - 140 = -5*a - 3*c, y = 2*a - 5*c - 56. What is the tens digit of 9 - 7 - (1 - a)?
2
Let s = 23 - 157. Let a = 305 + s. What is the tens digit of a?
7
Let b(q) = q**3 + 8*q**2 - 8*q + 108. What is the units digit of b(-9)?
9
Let n(m) = -m**3 + 5*m**2 - m - 7. Let b be n(4). Let k = -39 - b. Let l = k - -70. What is the units digit of l?
6
Suppose -5*r + 3*y + 9806 = 0, -2*y + 3087 - 10931 = -4*r. What is the thousands digit of r?
1
Let h be 1*(4 - 6 - -7). Suppose 328 = -h*z - o, -z + 0*o - 56 = -3*o. What is the units digit of (-2262)/z - 1/(-5)?
5
Let v = 1422 + -816. What is the hundreds digit of v?
6
Let s = -955 + 3323. What is the hundreds digit of s?
3
Suppose 0*a + 2*a = 12. Let w(r) = r**2 + 2*r. Let z be w(a). What is the units digit of (z/(-28))/(4/(-14))?
6
Suppose -16636 = -24*t - 1900. What is the units digit of t?
4
Suppose -b + w = -1417, -5*b + 4*w - 1442 = -6*b. What is the hundreds digit of b?
4
Let k = -9 - -39. What is the units digit of (k + 0)*(-6)/(-5)?
6
Let y be 4 - 2 - (4 + -4). Suppose 3*l - 106 = -4*d, d - y*l = 2*d - 29. What is the units digit of d?
5
Suppose w + 0 - 9 = -3*z, 4*z - 2*w = 2. Suppose 0 = 3*p + z*p - 15. What is the units digit of (p - 8)*(-1 + -3)?
0
Let d = -78 + 104. Let w be (17/3)/((-1)/3). Let j = w + d. What is the units digit of j?
9
Suppose 4*l + 478 = -130. Let k = l - -263. Suppose z - k = -2*z. What is the units digit of z?
7
Let l = -7 + 14. Let r(y) = -y**3 + 6*y**2 + 8*y + 9. Let k be r(l). Suppose 5*v = -p + 64, 3*p = -p + k. What is the units digit of v?
2
Let p(d) = d**2 - 9*d + 8. Let f be p(8). Suppose 5*v = s + 315, v + f*v - 3*s = 63. What is the units digit of v?
3
Suppose -7*c + 1274 = 6*c. What is the units digit of c?
8
Suppose -560 = 3*u - 5*m - 7257, -2*u + 4468 = -5*m. What is the units digit of u?
9
Let w be (4/(-8))/((-3)/18). Suppose 0 = 3*n - 4*c - 47 - 35, w*n = 3*c + 84. What is the units digit of n?
0
Let x = -3 - -8. Suppose 2*t - y + x*y = 98, -2*y = 2. What is the units digit of t?
1
Let o be (1 + 14)*(-2)/(-6)*1. Suppose -6*t - o*t = -1716. What is the tens digit of t?
5
Suppose 2*l - 2*p - 257 = -l, -5*l + 426 = -p. Suppose -14*c + 9*c + l = 0. Suppose 2*d - c = 65. What is the tens digit of d?
4
Suppose 0 = -8*i + 43 - 11. Suppose 537 = 2*p + 5*g, 5*p = 8*g - i*g + 1293. What is the units digit of p?
1
Suppose 5*c - 6 = 3*c, 3*l - 21 = 4*c. What is the units digit of 6/3 + (l - -266)?
9
Let v = 270 - 115. Let p = v - 53. What is the units digit of p?
2
Suppose 3*s + 9*u = 4*u + 746, 0 = s + u - 252. What is the units digit of (3 - (0 - (s - 0))) + 3?
3
Let b(h) = -3*h + 2*h**2 - h**2 + h**2 - 25 + 32. What is the tens digit of b(-4)?
5
Suppose -5*j - p = -2944, 4*p = 2*j + 2*j - 2336. What is the tens digit of j?
8
Let n be (-16)/(-4) + 3 - 5. Suppose f + n*i + 2*i = 272, -2*i = -2. What is the hundreds digit of f?
2
Let q(j) = -j**3 + j**2 + 7*j. Let m be (12/(-10))/(2/(-5)). Let i be q(m). Suppose a - 84 = -i*a. What is the tens digit of a?
2
Let p(s) = -s**3 + 11*s**2 - s + 13. Let k be p(11). What is the tens digit of (8 + -2)/(k/31) + 0?
9
Let g(v) = 2*v**2 + 11*v + 12. Let c be g(-8). Let w = 93 - c. What is the tens digit of w?
4
What is the units digit of (-14)/(-3) + -4 + 2307/9?
7
Let q(n) = -3*n**3 - 2*n**2 + 9*n. What is the units digit of q(-7)?
8
Suppose -t - 792 = 8*t. Let o = t - -92. What is the units digit of o?
4
Suppose -1994 = -5*f - 4*o + 370, 5*o + 2355 = 5*f. Suppose 88 + f = 5*z. What is the units digit of z?
2
Let h = 458 + -226. What is the hundreds digit of h?
2
Let m(o) = -4*o + 62. Let g be m(-16). Let i = g + -79. What is the units digit of i?
7
Let o(h) = 2*h - 3. Suppose -4*l = -0*l + 16. Let z be o(l). Let v = 1 - z. What is the units digit of v?
2
Let w(a) = -3*a**3 + 4*a**2